e
Does 12 divide 894551?
False
Is 17343 a multiple of 2?
False
Is 17 a factor of 1955732?
False
Is 221324 a multiple of 357?
False
Is 114 a factor of 128364?
True
Is 8 a factor of 15448?
True
Is 950730 a multiple of 18?
False
Is 91926 a multiple of 18?
True
Does 24 divide 701820?
False
Is 58 a factor of 359948?
True
Is 65330 a multiple of 235?
True
Is 366631 a multiple of 20?
False
Is 73700 a multiple of 3?
False
Is 397545 a multiple of 83?
False
Is 180 a factor of 329580?
True
Is 4533844 a multiple of 7?
True
Is 219050 a multiple of 650?
True
Is 24 a factor of 3687072?
True
Does 241 divide 877715?
False
Does 381 divide 1289304?
True
Is 9 a factor of 2354958?
True
Does 18 divide 870210?
True
Is 335 a factor of 3491370?
True
Does 144 divide 1850455?
False
Is 2993 a multiple of 65?
False
Does 231 divide 892192?
False
Does 11 divide 89309?
True
Does 74 divide 3298180?
True
Does 111 divide 4312350?
True
Is 13849350 a multiple of 1912?
False
Is 119852 a multiple of 332?
True
Is 413468 a multiple of 80?
False
Is 138558 a multiple of 4?
False
Does 1233 divide 5525073?
True
Does 13 divide 3778240?
False
Is 108972 a multiple of 54?
True
Is 198 a factor of 156797?
False
Does 105 divide 4961202?
False
Does 61 divide 31221691?
True
Is 342888 a multiple of 21?
True
Is 776229 a multiple of 4?
False
Is 71362 a multiple of 5?
False
Is 44 a factor of 293744?
True
Is 168 a factor of 22970?
False
Is 14 a factor of 42310?
False
Is 21 a factor of 5217120?
False
Does 15 divide 49293?
False
Does 8 divide 5959?
False
Does 37 divide 1774511?
False
Is 95 a factor of 601540?
True
Is 186 a factor of 247938?
True
Is 375 a factor of 10922578?
False
Is 126 a factor of 174532?
False
Does 48 divide 353808?
True
Is 140312 a multiple of 671?
False
Does 61 divide 241974?
False
Does 278 divide 190152?
True
Does 9 divide 51642?
True
Is 6802936 a multiple of 994?
True
Does 496 divide 946102?
False
Is 329 a factor of 33137?
False
Does 23 divide 226642?
True
Is 215194 a multiple of 99?
False
Is 278 a factor of 8847072?
True
Does 271 divide 199572?
False
Is 33 a factor of 1255650?
True
Does 204 divide 960024?
True
Does 1410 divide 1900403?
False
Does 18 divide 766621?
False
Is 301373 a multiple of 12?
False
Is 4537015 a multiple of 14?
False
Is 2214319 a multiple of 7?
False
Is 2 a factor of 1717?
False
Is 529801 a multiple of 29?
True
Is 409 a factor of 553297?
False
Is 99 a factor of 308286?
True
Does 123 divide 1960251?
True
Does 2609 divide 8776676?
True
Is 5580527 a multiple of 141?
False
Is 1208440 a multiple of 40?
True
Is 39501 a multiple of 7?
True
Is 188 a factor of 666648?
True
Is 335 a factor of 1618025?
False
Is 5661943 a multiple of 19?
True
Is 1801896 a multiple of 6?
True
Is 47 a factor of 475734?
True
Is 67293 a multiple of 26?
False
Is 109662 a multiple of 5?
False
Is 404 a factor of 1291588?
True
Is 56 a factor of 1314566?
False
Is 2722333 a multiple of 116?
False
Is 8 a factor of 27936?
True
Is 6802 a multiple of 179?
True
Is 83666 a multiple of 94?
False
Does 69 divide 52470?
False
Does 99 divide 258588?
True
Is 11 a factor of 1659675?
False
Does 51 divide 8633892?
True
Is 2872378 a multiple of 35?
False
Is 18812911 a multiple of 429?
False
Is 72613 even?
False
Does 187 divide 34671?
False
Does 183 divide 3805870?
False
Is 166870 a multiple of 494?
False
Does 4 divide 1102340?
True
Is 300667 even?
False
Is 181059 a multiple of 3?
True
Is 73510 a multiple of 5?
True
Is 2406066 a multiple of 654?
True
Is 68 a factor of 846230?
False
Is 22 a factor of 1275230?
True
Is 612464 a multiple of 16?
True
Is 143283 a multiple of 387?
False
Does 45 divide 817605?
True
Is 2049046 even?
True
Is 172935 a multiple of 27?
True
Does 65 divide 1698038?
False
Is 35 a factor of 10602583?
False
Is 182 a factor of 3370205?
False
Does 15 divide 989820?
True
Is 325 a factor of 967200?
True
Is 19 a factor of 538790?
False
Does 13 divide 1317023?
False
Does 11 divide 35387?
True
Does 174 divide 24925837?
False
Does 57 divide 3242241?
False
Does 5 divide 1499204?
False
Does 41 divide 1554155?
False
Is 5908 a multiple of 19?
False
Is 7 a factor of 16606?
False
Is 1212417 a multiple of 534?
False
Is 617 a factor of 813206?
True
Does 2310 divide 15068650?
False
Is 4326530 a multiple of 230?
True
Is 1106724 a multiple of 249?
False
Does 487 divide 2931253?
True
Is 153532 a multiple of 131?
True
Is 152 a factor of 442691?
False
Is 285142 a multiple of 15?
False
Does 13 divide 46173?
False
Is 82 a factor of 141942?
True
Does 161 divide 173839?
False
Does 30 divide 402964?
False
Is 1374240 a multiple of 24?
True
Is 536725 a multiple of 25?
True
Is 11 a factor of 879592?
False
Is 378924 a multiple of 91?
True
Is 85 a factor of 227290?
True
Does 61 divide 349206?
False
Is 153 a factor of 3461314?
False
Does 13 divide 552317?
False
Is 292 a factor of 7253864?
True
Is 4 a factor of 19396?
True
Is 102060 a multiple of 42?
True
Is 265 a factor of 570590?
False
Is 41800 a multiple of 4?
True
Is 19 a factor of 312968?
True
Is 700 a factor of 2229916?
False
Is 3 a factor of 85465?
False
Does 121 divide 17523249?
False
Is 71090 a multiple of 6?
False
Does 65 divide 2542605?
True
Is 50107 a multiple of 109?
False
Does 101 divide 392991?
True
Does 83 divide 1945437?
True
Does 11 divide 768341?
False
Does 13 divide 217601?
False
Is 32 a factor of 4228896?
True
Is 13 a factor of 62634?
True
Is 16 a factor of 1542640?
True
Is 101 a factor of 3490392?
False
Is 602 a factor of 744072?
True
Does 36 divide 278790?
False
Does 8 divide 221280?
True
Is 30 a factor of 810900?
True
Is 103 a factor of 3671538?
True
Is 31 a factor of 5023452?
False
Is 273632 a multiple of 34?
True
Does 8 divide 9165526?
False
Does 5 divide 491446?
False
Is 54 a factor of 2607207?
False
Is 9 a factor of 9880785?
True
Does 14 divide 29974?
True
Is 22 a factor of 380287?
False
Does 5 divide 237350?
True
Does 34 divide 328244?
False
Is 172 a factor of 297990?
False
Is 73 a factor of 25006077?
True
Does 94 divide 61721?
False
Does 63 divide 95508?
True
Is 422 a factor of 918272?
True
Is 357041 a multiple of 40?
False
Is 8003685 a multiple of 505?
False
Is 13 a factor of 1267526?
True
Does 24 divide 4795896?
True
Is 239 a factor of 24420064?
True
Is 355030 a multiple of 251?
False
Is 472 a factor of 2398690?
False
Is 520 a factor of 3224520?
True
Does 350 divide 476990?
False
Is 7 a factor of 117845?
True
Is 1749111 a multiple of 43?
True
Does 128 divide 392273?
False
Does 13 divide 23686?
True
Does 313 divide 1329768?
False
Is 149796 a multiple of 54?
True
Does 3 divide 84996?
True
Is 61 a factor of 24064427?
False
Is 31 a factor of 738885?
True
Is 397540 a multiple of 22?
True
Does 10 divide 6385660?
True
Does 22 divide 1471139?
False
Is 3071952 a multiple of 624?
True
Is 112166 a multiple of 49?
False
Is 32744 a multiple of 31?
False
Is 5 a factor of 46625?
True
Is 28561 a multiple of 120?
False
Does 15 divide 66195?
True
Is 1523737 a multiple of 82?
False
Is 665 a factor of 399000?
True
Does 17 divide 43583?
False
Is 17 a factor of 9403563?
False
Is 39 a factor of 2644200?
True
Is 361 a factor of 1084760?
False
Does 400 divide 436000?
True
Does 192 divide 2210880?
True
Is 11392272 a multiple of 108?
True
Is 14 a factor of 193794?
False
Does 172 divide 4393224?
True
Does 48 divide 53125?
False
Is 823786 a multiple of 73?
False
Is 1117 a factor of 5070474?
False
Is 6135 a multiple of 125?
False
Is 1112188 a multiple of 14?
True
Does 27 divide 7254556?
False
Is 63 a factor of 8765883?
True
Does 17 divide 1027599?
True
Does 20 divide 68550?
False
Is 204215 a multiple of 79?
True
Is 18528 a multiple of 16?
True
Is 20 a factor of 74847?
False
Is 39239 a multiple of 15?
False
Is 6 a factor of 22296?
True
Is 6 a factor of 182734?
False
Is 29 a factor of 7805843?
True
Is 28 a factor of 176120?
True
Does 17 divide 39790?
False
Does 56 divide 522085?
False
Is 56 a factor of 18881744?
True
Is 29164 a multiple of 50?
False
Is 14991761 a multiple of 1038?
False
Is 2488341 a multiple of 27?
False
Does 14 divide 1178674?
True
Does 73 divide 5805544?
True
Is 1730712 a multiple of 296?
True
Does 37 divide 7353653?
False
Is 937752 a multiple of 6?
True
Is 4004 a multiple of 77?
True
Is 91 a factor of 604764?
False
Does 73 divide 39493?
True
Is 65 a factor 